e?
False
Is 1546404/992 - (-1)/8 a prime number?
True
Let m = -30 - -35. Suppose 0 = -m*r + 5, c + 2*c - 3264 = -3*r. Is c a prime number?
True
Suppose 6*a + 4*x + 1796 = 2*a, -453 = a - 3*x. Let i = a + 1073. Is i a prime number?
False
Let g(a) = 1. Let z(v) = -101*v - 6. Let w(p) = -4*g(p) - z(p). Is w(1) a prime number?
True
Is (-63)/(-42)*(-34302)/(-3) a composite number?
True
Let a(l) = 2*l**3 - 2*l**2 - 2*l - 3. Suppose 5*m + 11 - 36 = 0. Is a(m) a composite number?
True
Let j = 21 + -22. Let c be 1 + -4 - 11*j. Let p(k) = k + 15. Is p(c) a prime number?
True
Suppose -8 = -t + 5*q - 4*q, 3*q = 4*t - 28. Suppose 66 + 10 = t*j. Is j a prime number?
True
Suppose -15 = 3*v, 0 = 2*g + 4*v - 9609 - 3217. Is g a prime number?
False
Let t = -5832 + 2444. Let u = 4869 + t. Is u composite?
False
Suppose -13*p + 22034 + 24389 = 0. Is p a prime number?
True
Let y = 6491 - 306. Is y a composite number?
True
Let l = -285 + 410. Let v(o) = 124*o**3 - l*o**3 - 11 + o - 2*o**2 - 1. Is v(-5) a composite number?
True
Let s(q) = 7*q**3 - 39*q**2 + 13*q + 29. Let x(l) = -3*l**3 + 19*l**2 - 6*l - 14. Let h(a) = 4*s(a) + 9*x(a). Is h(-12) a prime number?
False
Suppose y = 2*y. Suppose r - 3*r = y. Suppose r = -j - j + 226. Is j a prime number?
True
Suppose -54310 = 66*z - 683488. Is z a composite number?
False
Let f(z) be the first derivative of 109*z**2/2 + 24*z - 4. Is f(13) prime?
False
Suppose -4*x + 2*k = -8838, 10394 = 5*x + k - 636. Let q = x + -1566. Is q composite?
False
Suppose 5*j - 3*c - 96505 = 0, 0 = -5*j - 2*c + 97782 - 1277. Is j prime?
True
Is ((-4)/6)/((-22)/127677) a composite number?
True
Suppose -v - 2*k + 108677 = 0, 2*k = 6*k. Is v a composite number?
False
Let s = -16324 + 23025. Is s prime?
True
Let v = 6 + -11. Let p(h) be the first derivative of -9*h**2/2 + 4*h + 23. Is p(v) a prime number?
False
Let o(l) = 574*l**2 - l - 11. Let w be o(5). Suppose -j - 5*j + w = 0. Is j a composite number?
False
Let j = 36 + -18. Let p = 20 - j. Suppose 2*f = -3*u - 2*u + 2941, -1183 = -p*u - 3*f. Is u prime?
True
Suppose 57 = -g + 6. Let o be 6/21 + 1132/7. Let p = o + g. Is p composite?
True
Suppose 13837 = 6*g - 32429. Is g a composite number?
True
Suppose 2*i - 3*a + 3235 = -0*a, 0 = 4*i + 4*a + 6440. Let f = 4072 + i. Is f a composite number?
False
Let h(r) = 4*r**3 + 103*r**2 + 29*r - 5. Is h(-23) composite?
False
Suppose x = 4*y - 62, -3*x = -4*y + 13 + 45. Suppose 4*n - 4*w = 64, -13*w + 18*w = 4*n - 66. Suppose y*h = n*h + 50. Is h a composite number?
True
Let a(c) = -2*c**2 + 15*c + 15. Let j be a(-6). Let y = 22 - j. Is y a prime number?
False
Suppose -4*j - 205 - 131 = 0. Is (j/(-60))/(1/785) prime?
False
Suppose -f + 6 = -14. Suppose -6*i + i = -f. Suppose 5*g - i*g = 505. Is g composite?
True
Suppose 4*l - 4 = 12. Is 1/(3/606) + 12/l a composite number?
True
Let x(o) = 4*o**2 + 20*o + 51. Is x(-16) composite?
True
Let g = -7 - -9. Let l be ((-2)/6)/(g/(-12)). Is (l + (-60)/8)*-22 a prime number?
False
Let z = 106323 + -63424. Is z prime?
True
Let d(o) = 120*o + 845. Is d(45) a composite number?
True
Suppose 0 = 2*a + 9 - 17. Is (-16911)/(-81) - a/(-18) a composite number?
True
Let k = -23 + 13. Let u = k - -13. Suppose 4*x - 2*w - 194 = w, 0 = -u*w - 6. Is x prime?
True
Let i(n) = -31*n**3 - 11*n**2 - 20*n - 111. Is i(-5) prime?
False
Let g(t) = 33*t**2 + 24*t + 14. Is g(-17) a prime number?
False
Let a be -1 + -1 + (550 - 12/4). Let m = 936 - a. Is m a prime number?
False
Let g = -11337 + 16092. Is 0 - (-2)/(6/g) a composite number?
True
Suppose -i = 260 - 752. Let n = i + -275. Let o = n - 32. Is o a prime number?
False
Let z = 38 + -49. Is (0/1)/2 - (z - 238) a prime number?
False
Let c = 13678 + 7171. Is c prime?
True
Let j be 3 - ((-12)/3 - -3). Suppose -5 = -0*a - a, 35 = 5*r - j*a. Let d = 44 + r. Is d prime?
False
Let j be 1 - (-4)/(1 + 3). Suppose -5*c - 9 = -5*l + j*l, 4*c = 0. Suppose -2*a = g - 7, -2*g + l*a + 39 = g. Is g composite?
False
Suppose g - 3 + 6 = 0, 2*g = -2*v + 12236. Is v a prime number?
True
Let q = 9182 + -15165. Let s = -2820 - q. Is s a composite number?
False
Let r(h) be the third derivative of h**8/6720 - h**7/1260 + h**6/240 - h**5/60 - 5*h**2. Let f(a) be the third derivative of r(a). Is f(4) a composite number?
True
Suppose -8*g = 8*g - 27344. Is g a prime number?
True
Suppose -5*n - 19745 = -1845. Let j = -2307 - n. Is j a composite number?
True
Let o be (-1 + 2)*-3*3. Let c(j) be the second derivative of j**4/3 - j**3/6 + 2*j**2 + 15*j. Is c(o) composite?
False
Suppose 0 = -j + 8 + 15. Let c = 27 - j. Suppose 42 = -k + c*k. Is k prime?
False
Suppose 0 = -13*d - 12709 + 33756. Is d a prime number?
True
Suppose -3*t + t + 54 = 0. Let s = -35 - t. Let v = 149 - s. Is v composite?
False
Let i = 10 + -6. Suppose 3*z - i*z = -3. Suppose z*a - 321 = 60. Is a a composite number?
False
Suppose 184368 = -19*l + 563551. Is l composite?
True
Let y(n) = -n**2 + 9*n + 2. Let z be y(9). Is (-33)/((3/(-51))/1) + z prime?
True
Let x(t) = -t**2 - t + 5. Let f be x(0). Suppose f*d - 3*d = -3*n + 191, -15 = 5*n. Suppose -d = v - 5*v. Is v composite?
True
Suppose -21233 = -n + 4*k, -2*n + 57447 = 2*k + 15011. Is n a prime number?
True
Suppose -3*l + 0*x = -3*x - 15, -2*l + 19 = -5*x. Suppose -3*d = l*g - 1003, 0*g - d = -2*g + 991. Is g composite?
True
Suppose 78*y = 102*y - 60408. Is y a prime number?
False
Suppose 0 = -5*v - 3 + 13, -3*v = -3*t + 41613. Is t a composite number?
False
Let n(k) = 23915*k. Is n(1) a prime number?
False
Suppose 0 = -504*o + 513*o - 23661. Is o prime?
False
Let k(g) = -9*g**3 + 6*g**2 + 6*g + 4. Is k(-7) a composite number?
False
Let q(t) = 2*t + 27. Let g be q(-12). Is (-685)/((-2)/(g/(3/2))) composite?
True
Let z = -17169 - -25658. Is z prime?
False
Let r = -11 - -15. Suppose -r*o = -o - 15. Suppose -k = 2*j - 117, 2*k + 2*k = o*j + 533. Is k a prime number?
True
Suppose 7 = -p + 2*p - 5*k, 0 = -5*p + 5*k + 55. Suppose 13*z = p*z + 1259. Is z a prime number?
True
Suppose -7*h + 5*h = 0. Suppose 6*f - 10712 + 3146 = h. Is f prime?
False
Let u(p) = 2*p - 10. Let y be u(6). Suppose 5*c - 4837 = -y*c. Is c composite?
False
Is (-612099)/(-138)*2/3 prime?
True
Let i(p) be the third derivative of 0*p + 4*p**2 + 7/6*p**3 + 0 - 7/60*p**5 + 1/60*p**6 - 1/8*p**4. Is i(5) composite?
False
Let t(s) = -3*s**2 + s - 2*s**2 - 6 - s**3 + 2*s**2. Let z be t(-4). Is (-3 - -1)/(z/(-111)) a prime number?
True
Suppose 3*l - 30 = 3*f, f + 7 = 3*l + l. Suppose -3*z + 50 + 16 = 0. Let t = f + z. Is t prime?
True
Let i be (-4)/(-24)*2*57. Suppose i*m - 24*m = -2435. Is m a prime number?
True
Let s(x) be the second derivative of x**7/420 + x**6/180 + 3*x**5/40 - x**4/12 + 4*x. Let d(t) be the third derivative of s(t). Is d(-6) composite?
True
Let t = 5 + 0. Suppose 3*g = 2*l - 6, t*g = -4*l + 8 + 4. Suppose -l*w - 50 = -u, 329 = 5*u + w + 31. Is u a composite number?
False
Suppose 0 = 14*k + 34*k - 1770576. Is k a prime number?
True
Let i(s) = 1376*s + 819. Is i(5) a prime number?
True
Suppose 4*k = 3*m - 4633 - 2684, m - 5*k - 2450 = 0. Is m composite?
True
Is 346952/28 - 17/119 prime?
True
Is ((-2)/(-5))/(26/494455) a composite number?
False
Suppose 0 = -3*o + 4 - 10. Is 209*(-4 - -3)*o/2 a composite number?
True
Suppose -4*p = 5*d - 3703, -d = p - 1268 + 343. Is p prime?
False
Suppose -20*h = -21*h + 9235. Is h prime?
False
Let m be 1*3 + (-9 - -10). Let i be m/((-1 - -2)/(-4)). Let g = i + 35. Is g a composite number?
False
Let l = -1844 + 4425. Is l a prime number?
False
Let v be -5*(1 - 2)*1. Suppose v*z - 66 = 2*z. Is z a composite number?
True
Suppose -8*v + 20052 = v. Suppose -13*k = -9*k - v. Is k composite?
False
Suppose 3*c + 882 = 4*a, 3*c = -1 + 7. Let r be (-2)/(-11) + (-960)/(-165). Suppose -r*j - a = -666. Is j prime?
False
Suppose 23635 + 18707 = 6*i. Is i prime?
True
Suppose 7*t - 1052 = 9*t. Is t*(-1)/8*4 a composite number?
False
Let w(p) = -132*p - 387. Is w(-7) a composite number?
True
Let n(t) be the second derivative of -8*t**3 - 2*t**2 - 6*t. Let c be n(-5). Let v = -73 + c. Is v prime?
True
Let w(x) = x**2 - 1. Let q be w(3). Is 297 - 5/(10/q) a composite number?
False
Suppose -4*c = -5*n + 196097 + 88098, -2*n + 113676 = -2*c. Is n a composite number?
False
Suppose 4*i - 5787 = 21